er when 6098392 is divided by 200?
192
What is the remainder when 838874548 is divided by 10?
8
What is the remainder when 6300 is divided by 6171?
129
Calculate the remainder when 6420 is divided by 6366.
54
Calculate the remainder when 20845776 is divided by 109.
71
What is the remainder when 2993090 is divided by 40?
10
What is the remainder when 1222968 is divided by 392?
320
What is the remainder when 383338743 is divided by 93?
90
Calculate the remainder when 221808 is divided by 9241.
24
What is the remainder when 4188484 is divided by 1549?
1537
What is the remainder when 39961 is divided by 1819?
1762
Calculate the remainder when 257509 is divided by 1923.
1750
Calculate the remainder when 5647196 is divided by 195.
191
Calculate the remainder when 1174948 is divided by 2117.
13
What is the remainder when 829344 is divided by 826609?
2735
Calculate the remainder when 17767719 is divided by 1972.
1971
What is the remainder when 19275835 is divided by 581?
579
What is the remainder when 15156 is divided by 1269?
1197
Calculate the remainder when 88149114 is divided by 363.
9
Calculate the remainder when 1610174 is divided by 110.
104
Calculate the remainder when 1066856647 is divided by 1349.
1346
Calculate the remainder when 59867 is divided by 19864.
275
What is the remainder when 7808768 is divided by 168?
128
What is the remainder when 12967576 is divided by 3331?
3324
What is the remainder when 1361118 is divided by 1360634?
484
What is the remainder when 182564 is divided by 33?
8
Calculate the remainder when 43432329 is divided by 5.
4
Calculate the remainder when 19050090 is divided by 3414.
3384
What is the remainder when 71653607 is divided by 117?
116
Calculate the remainder when 27545949 is divided by 48.
45
Calculate the remainder when 2893873 is divided by 853.
497
What is the remainder when 5424802 is divided by 25349?
116
Calculate the remainder when 3028329 is divided by 34026.
15
What is the remainder when 1986312 is divided by 1444?
812
Calculate the remainder when 10201715 is divided by 97159.
20
What is the remainder when 1166973 is divided by 76?
69
What is the remainder when 1266412 is divided by 211065?
22
What is the remainder when 2667704 is divided by 101?
92
Calculate the remainder when 103908 is divided by 10303.
878
What is the remainder when 183019572 is divided by 352?
340
What is the remainder when 3378445 is divided by 2156?
2149
Calculate the remainder when 467080 is divided by 17958.
172
What is the remainder when 202296 is divided by 1487?
64
Calculate the remainder when 124990 is divided by 62493.
4
What is the remainder when 562545 is divided by 13082?
19
What is the remainder when 1467673 is divided by 448?
25
Calculate the remainder when 545396 is divided by 8139.
83
Calculate the remainder when 441624 is divided by 320.
24
What is the remainder when 1294778 is divided by 317?
150
Calculate the remainder when 159951 is divided by 287.
92
Calculate the remainder when 118878 is divided by 29693.
106
Calculate the remainder when 87386 is divided by 3050.
1986
Calculate the remainder when 74920 is divided by 74059.
861
Calculate the remainder when 1567150 is divided by 638.
222
What is the remainder when 141293078 is divided by 177?
173
Calculate the remainder when 3004464 is divided by 751092.
96
What is the remainder when 1085190477 is divided by 1188?
1185
Calculate the remainder when 3560233 is divided by 35.
33
What is the remainder when 926120 is divided by 231490?
160
What is the remainder when 181802699 is divided by 1422?
1421
What is the remainder when 362749 is divided by 118183?
8200
What is the remainder when 53270980 is divided by 4439247?
16
Calculate the remainder when 2211992 is divided by 29.
17
What is the remainder when 118206813 is divided by 2548?
2545
What is the remainder when 2097887 is divided by 41?
40
What is the remainder when 141049 is divided by 325?
324
Calculate the remainder when 6684161 is divided by 1626.
1301
What is the remainder when 259984 is divided by 128946?
2092
Calculate the remainder when 398607 is divided by 904.
847
Calculate the remainder when 5089695 is divided by 2253.
168
What is the remainder when 49208062 is divided by 870?
862
Calculate the remainder when 85904451 is divided by 22.
17
Calculate the remainder when 85868219 is divided by 440.
19
Calculate the remainder when 38416700 is divided by 112002.
14
What is the remainder when 5107728 is divided by 5107720?
8
Calculate the remainder when 2229243 is divided by 452.
431
Calculate the remainder when 6106 is divided by 1493.
134
Calculate the remainder when 94738 is divided by 94730.
8
Calculate the remainder when 2454352 is divided by 1227157.
38
Calculate the remainder when 2696990 is divided by 3.
2
Calculate the remainder when 1134358 is divided by 508.
502
Calculate the remainder when 8835834 is divided by 1888.
1882
Calculate the remainder when 326691 is divided by 36216.
747
What is the remainder when 9888483 is divided by 52320?
3
Calculate the remainder when 1441289037 is divided by 20.
17
What is the remainder when 9274511 is divided by 312?
311
Calculate the remainder when 26758 is divided by 12580.
1598
Calculate the remainder when 312138 is divided by 107.
19
Calculate the remainder when 1119855 is divided by 53324.
51
What is the remainder when 14524402 is divided by 288?
274
What is the remainder when 17381 is divided by 264?
221
Calculate the remainder when 111738 is divided by 55815.
108
What is the remainder when 25467781 is divided by 6366858?
349
What is the remainder when 49936 is divided by 3390?
2476
What is the remainder when 3327279 is divided by 301?
25
What is the remainder when 19599501 is divided by 2170?
61
What is the remainder when 1171399 is divided by 390424?
127
Calculate the remainder when 850854 is divided by 1185.
24
What is the remainder when 68740671 is divided by 182?
181
Calculate the remainder when 9408143 is divided by 9408121.
22
What is the remainder when 52475 is divided by 17297?
584
Calculate the remainder when 158673 is divided by 52890.
3
What is the remainder when 375145 is divided by 124828?
661
What is the remainder when 2392608 is divided by 2040?
1728
What is the remainder when 11057297 is divided by 365?
352
Calculate the remainder when 89418 is divided by 3582.
3450
What is the remainder when 3913613 is divided by 57?
50
Calculate the remainder when 493687 is divided by 11220.
7
Calculate the remainder when 331337 is divided by 23662.
69
Calculate the remainder when 211923 is divided by 35286.
207
Calculate the remainder when 138305 is divided by 27659.
10
Calculate the remainder when 24270391 is divided by 9324.
19
Calculate the remainder when 19836296 is divided by 1211.
116
What is the remainder when 1570020 is divided by 1288?
1236
Calculate the remainder when 10185345 is divided by 4314.
4305
Calculate the remainder when 10729899 is divided by 32.
11
Calculate the remainder when 1249965982 is divided by 7816.
7814
Calculate the remainder when 453782 is divided by 5409.
4835
What is the remainder when 72473 is divided by 7514?
4847
What is the remainder when 441270 is divided by 1053?
63
What is the remainder when 4761553 is divided by 2380745?
63
Calculate the remainder when 1770587 is divided by 674.
663
Calculate the remainder when 465637 is divided by 3582.
3559
What is the remainder when 1914858 is divided by 5?
3
Calculate the remainder when 776619 is divided by 1823.
21
Calculate the remainder when 2347211 is divided by 504.
83
Calculate the remainder when 6470073 is divided by 2156679.
36
What is the remainder when 1374712 is divided by 13611?
1
What is the remainder when 68211613 is divided by 341058?
13
Calculate the remainder when 2299886 is divided by 2941.
24
Calculate the remainder when 146549803 is divided by 358.
355
What is the remainder when 16633608 is divided by 4898?
0
What is the remainder when 25897272 is divided by 225?
222
Calculate the remainder when 79750 is divided by 5386.
4346
What is the remainder when 135568698 is divided by 113?
112
Calculate the remainder when 2867687 is divided by 1106.
935
What is the remainder when 211152 is divided by 924?
480
Calculate the remainder when 220397697 is divided